f 13?
False
Does 13 divide 429?
True
Is 101 a factor of 707?
True
Does 20 divide 48280?
True
Is 76 a factor of 1471?
False
Is 3654 a multiple of 126?
True
Does 63 divide 378?
True
Does 6 divide 1074?
True
Is 27 a factor of 918?
True
Is 121 a factor of 15208?
False
Does 8 divide 41234?
False
Is 9 a factor of 312?
False
Is 168 a multiple of 36?
False
Does 21 divide 184651?
False
Is 11 a factor of 1454?
False
Is 68748 a multiple of 191?
False
Does 8 divide 5088?
True
Is 3978 a multiple of 18?
True
Is 29 a multiple of 29?
True
Does 12 divide 648?
True
Is 19 a factor of 610?
False
Is 11 a factor of 1774?
False
Is 30 a factor of 3435?
False
Does 49 divide 71?
False
Does 10 divide 1124?
False
Is 2 a factor of 708?
True
Is 10 a factor of 2408?
False
Is 71 a factor of 1497?
False
Is 944 a multiple of 16?
True
Is 2 a factor of 163?
False
Is 52 a factor of 42625?
False
Is 4 a factor of 935?
False
Is 1294 a multiple of 18?
False
Does 9 divide 6480?
True
Does 53 divide 10331?
False
Is 1009 a multiple of 11?
False
Is 58 a factor of 557?
False
Is 2280 a multiple of 8?
True
Is 7134 a multiple of 123?
True
Is 13 a factor of 2690?
False
Is 15245 a multiple of 31?
False
Is 970 a multiple of 5?
True
Does 41 divide 533?
True
Is 11500 a multiple of 37?
False
Does 23 divide 8570?
False
Does 5 divide 3796?
False
Is 17 a factor of 1071?
True
Is 9 a factor of 36181?
False
Is 9 a factor of 3114?
True
Does 188 divide 126034?
False
Is 5 a factor of 40?
True
Is 8 a factor of 1322?
False
Is 1701 a multiple of 21?
True
Is 56 a factor of 2153?
False
Is 30576 a multiple of 168?
True
Does 103 divide 22866?
True
Is 16 a factor of 344?
False
Is 9338 a multiple of 28?
False
Is 44 a factor of 142?
False
Is 5 a factor of 661?
False
Does 19 divide 285?
True
Does 19 divide 48844?
False
Is 44 a factor of 1144?
True
Is 100 a factor of 19400?
True
Is 13 a factor of 3432?
True
Is 418 a multiple of 38?
True
Is 20 a factor of 2207?
False
Does 34 divide 13089?
False
Is 1782 a multiple of 22?
True
Is 2 a factor of 256?
True
Does 161 divide 33311?
False
Is 3 a factor of 3113?
False
Is 1435 a multiple of 35?
True
Is 47 a factor of 202?
False
Is 1865 a multiple of 6?
False
Is 20 a factor of 19920?
True
Does 16 divide 49644?
False
Is 689 a multiple of 13?
True
Is 9364 a multiple of 12?
False
Is 112 a factor of 6027?
False
Does 125 divide 8418?
False
Is 15 a factor of 615?
True
Is 22 a factor of 1672?
True
Is 8 even?
True
Does 36 divide 3672?
True
Is 1241 a multiple of 17?
True
Is 41 a factor of 574?
True
Is 25 a factor of 1425?
True
Is 17 a factor of 1258?
True
Is 61 a factor of 45750?
True
Is 36 a factor of 6984?
True
Does 17 divide 1466?
False
Is 49 a factor of 637?
True
Is 8 a factor of 280?
True
Is 18177 a multiple of 219?
True
Is 1382 a multiple of 72?
False
Is 26399 a multiple of 155?
False
Does 26 divide 39635?
False
Is 4875 a multiple of 5?
True
Is 67871 a multiple of 256?
False
Is 22 a factor of 1055?
False
Does 63 divide 4287?
False
Is 2253 a multiple of 49?
False
Is 7111 a multiple of 13?
True
Does 8 divide 24339?
False
Does 15 divide 11070?
True
Does 20 divide 361?
False
Is 8250 a multiple of 22?
True
Does 47 divide 314?
False
Is 8 a factor of 11072?
True
Is 12 a factor of 14616?
True
Is 8 a factor of 18104?
True
Is 36 a factor of 144?
True
Does 9 divide 101214?
True
Does 2 divide 5?
False
Is 57 a factor of 13438?
False
Is 13679 a multiple of 43?
False
Is 30 a multiple of 30?
True
Is 28 a factor of 828?
False
Does 19 divide 228?
True
Is 29 a factor of 6757?
True
Is 2155 a multiple of 14?
False
Does 22 divide 693?
False
Is 829 a multiple of 35?
False
Does 21 divide 427?
False
Does 338 divide 61666?
False
Is 1573 a multiple of 13?
True
Does 19 divide 1349?
True
Is 7714 a multiple of 29?
True
Is 8 a factor of 48608?
True
Does 14 divide 434?
True
Is 2 a factor of 15?
False
Is 344 a multiple of 39?
False
Does 4 divide 734?
False
Is 603 a multiple of 49?
False
Is 2628 a multiple of 6?
True
Does 28 divide 2268?
True
Is 127467 a multiple of 27?
True
Does 48 divide 912?
True
Is 15 a factor of 5490?
True
Does 11 divide 924?
True
Is 6 a factor of 59?
False
Is 18690 a multiple of 54?
False
Does 11 divide 443?
False
Is 15 a factor of 1048?
False
Is 10 a factor of 410?
True
Is 37 a factor of 74407?
True
Is 365 a multiple of 25?
False
Does 72 divide 8703?
False
Is 38 a factor of 3106?
False
Does 56 divide 4984?
True
Does 52 divide 260?
True
Is 15 a factor of 3105?
True
Is 4 a factor of 336?
True
Does 17 divide 36775?
False
Is 3615 a multiple of 15?
True
Does 5 divide 2025?
True
Is 14 a factor of 25438?
True
Does 67 divide 4257?
False
Is 103 a multiple of 5?
False
Does 31 divide 416?
False
Is 33726 a multiple of 11?
True
Is 41 a factor of 5354?
False
Is 9672 a multiple of 156?
True
Is 9 a factor of 1922?
False
Does 2 divide 35?
False
Is 6 a factor of 330?
True
Is 3 a factor of 7307?
False
Is 11 a factor of 3024?
False
Does 26 divide 111?
False
Does 69 divide 7452?
True
Does 45 divide 134994?
False
Is 308 a multiple of 19?
False
Is 9 a multiple of 6?
False
Does 2 divide 350?
True
Does 18 divide 1981?
False
Does 182 divide 6916?
True
Does 3 divide 525?
True
Is 137 a factor of 5343?
True
Is 1067 a multiple of 13?
False
Does 160 divide 2560?
True
Does 4 divide 13384?
True
Does 23 divide 118220?
True
Is 5 a factor of 36655?
True
Is 14 a factor of 955?
False
Is 40645 a multiple of 13?
False
Is 3 a factor of 43?
False
Is 81 a multiple of 58?
False
Is 2 a factor of 252?
True
Is 796 a multiple of 6?
False
Does 20 divide 540?
True
Is 30 a factor of 297?
False
Is 2757 a multiple of 7?
False
Is 40269 a multiple of 37?
False
Is 51 a factor of 1442?
False
Is 73 a factor of 8859?
False
Is 16434 a multiple of 6?
True
Is 8 a factor of 16318?
False
Does 42 divide 756?
True
Does 17 divide 10234?
True
Is 45 a factor of 9990?
True
Does 4 divide 5839?
False
Does 51 divide 12372?
False
Is 18 a factor of 2142?
True
Is 7202 a multiple of 35?
False
Is 2357 a multiple of 14?
False
Does 93 divide 34131?
True
Is 8229 a multiple of 39?
True
Is 27121 a multiple of 5?
False
Is 4056 a multiple of 15?
False
Does 7 divide 23657?
False
Is 24 a factor of 1663?
False
Is 5385 a multiple of 14?
False
Is 20 a factor of 31712?
False
Is 75 a factor of 38475?
True
Is 4 a factor of 4911?
False
Is 33922 a multiple of 14?
True
Is 267 a factor of 3755?
False
Is 14 a factor of 60599?
False
Is 89 a factor of 45106?
False
Does 60 divide 35520?
True
Is 18 a factor of 619?
False
Is 21 a factor of 848?
False
Does 9 divide 2754?
True
Does 7 divide 686?
True
Does 20 divide 1060?
True
Is 381 a multiple of 28?
False
Does 23 divide 11178?
True
Does 5 divide 24008?
False
Does 7 divide 378?
True
Is 9 a factor of 84279?
False
Is 504 a multiple of 6?
True
Is 182 a multiple of 13?
True
Is 1824 a multiple of 16?
True
Is 3136 a multiple of 28?
True
Does 68 divide 1020?
True
Does 36 divide 14067?
False
Is 43 a factor of 6880?
True
Is 81 a factor of 284?
False
Does 5 divide 261?
False
Is 748 a multiple of 11?
True
Is 833 a multiple of 4?
False
Does 7 divide 95?
False
Is 32 a factor of 2976?
True
Is 2 a factor of 85?
False
Does 16 divide 708?
False
Is 2268 a multiple of 7?
True
Is 25 a factor of 250?
True
Is 6 a factor of 27?
False
Is 160 a factor of 3243?
False
Does 26 divide 9211?
False
Is 14 a factor of 1366?
False
Is 31976 a multiple of 18?
False
Is 19 a factor of 3503?
False
Does 155 divide 12555?
True
Is 13 a factor of 1274?
True
Does 5 divide 4140?
True
Does 55 divide 3795?
True
Is 6 a factor of 7036?
False
Does 16 divide 5411?
False
Does 35 divide 16170?
True
Is 41247 a multiple of 53?
False
Does 13 divide 4173?
True
Is 41 a factor of 1681?
True
Is 1921 a multiple of 15?
False
Does 90 divide 6300?
True
Is 305 a factor of 13166?
False
Does 2 divide 1453?
False
Is 2376 a multiple of 24?
True
Is 2400 a multiple of 50?
True
Is 3432 a multiple of 26?
True
Does 8 divide 312?
True
Is 1638 a multiple of 18?
True
Does 66 divide 19074?
True
Is 540 a multiple of 45?
True
Is 1903 a multiple of 2?
False
Is 710 a multiple of 10?
True
Does 15 divide 29940?
True
Is 2 a factor of 97?
False
Is 1971 a multiple of 73?
True
Is 4 a factor of 72?
True
Does 21 divide 1274?
False
Is 16 a factor of 1207?
False
Is 6727 a multiple of 37?
False
Is 1536 a multiple of 8?
True
Does 3 di